
Calculate the remainder when 148924 is divided by 64.
60
Calculate the remainder when 17219 is divided by 2065.
699
Calculate the remainder when 225445 is divided by 8051.
17
What is the remainder when 207679 is divided by 1093?
9
Calculate the remainder when 40258 is divided by 1482.
244
Calculate the remainder when 764104 is divided by 191026.
0
Calculate the remainder when 166686 is divided by 23794.
128
What is the remainder when 98329 is divided by 799?
52
Calculate the remainder when 70204 is divided by 85.
79
Calculate the remainder when 8296 is divided by 503.
248
Calculate the remainder when 129880 is divided by 64907.
66
What is the remainder when 40579 is divided by 310?
279
Calculate the remainder when 43819 is divided by 894.
13
What is the remainder when 2612 is divided by 2606?
6
What is the remainder when 1772 is divided by 1700?
72
What is the remainder when 26430 is divided by 251?
75
Calculate the remainder when 9248 is divided by 615.
23
Calculate the remainder when 30548 is divided by 352.
276
What is the remainder when 12854 is divided by 256?
54
What is the remainder when 6370 is divided by 18?
16
Calculate the remainder when 1120683 is divided by 27.
21
What is the remainder when 10006 is divided by 3252?
250
What is the remainder when 6392 is divided by 615?
242
What is the remainder when 2807 is divided by 1182?
443
Calculate the remainder when 5568 is divided by 1263.
516
What is the remainder when 5772 is divided by 719?
20
Calculate the remainder when 9479 is divided by 2412.
2243
Calculate the remainder when 126703 is divided by 615.
13
Calculate the remainder when 83773 is divided by 77.
74
What is the remainder when 8061 is divided by 722?
119
What is the remainder when 28355 is divided by 93?
83
What is the remainder when 139230 is divided by 16?
14
Calculate the remainder when 69741 is divided by 97.
95
Calculate the remainder when 21504 is divided by 4284.
84
Calculate the remainder when 5010 is divided by 54.
42
What is the remainder when 2268 is divided by 761?
746
Calculate the remainder when 1547 is divided by 412.
311
Calculate the remainder when 12218 is divided by 56.
10
Calculate the remainder when 1159 is divided by 1125.
34
Calculate the remainder when 25598 is divided by 12792.
14
What is the remainder when 69744 is divided by 17?
10
Calculate the remainder when 34502 is divided by 501.
434
Calculate the remainder when 420329 is divided by 68.
21
What is the remainder when 19836 is divided by 104?
76
Calculate the remainder when 3187 is divided by 108.
55
Calculate the remainder when 9604 is divided by 256.
132
Calculate the remainder when 1803 is divided by 55.
43
What is the remainder when 11392 is divided by 13?
4
What is the remainder when 104334 is divided by 34659?
357
Calculate the remainder when 1344 is divided by 251.
89
What is the remainder when 4642 is divided by 68?
18
What is the remainder when 17893 is divided by 351?
343
What is the remainder when 1652838 is divided by 4?
2
What is the remainder when 41711 is divided by 98?
61
What is the remainder when 45183 is divided by 1004?
3
What is the remainder when 131865 is divided by 222?
219
Calculate the remainder when 8302 is divided by 83.
2
Calculate the remainder when 828 is divided by 371.
86
Calculate the remainder when 7273 is divided by 213.
31
Calculate the remainder when 17987 is divided by 8969.
49
Calculate the remainder when 5183 is divided by 593.
439
Calculate the remainder when 53451 is divided by 732.
15
What is the remainder when 188745 is divided by 219?
186
What is the remainder when 20778 is divided by 6926?
0
What is the remainder when 31539 is divided by 4503?
18
Calculate the remainder when 1734406 is divided by 408.
406
What is the remainder when 48045 is divided by 4003?
9
What is the remainder when 905 is divided by 392?
121
Calculate the remainder when 45209 is divided by 1292.
1281
Calculate the remainder when 53331 is divided by 199.
198
What is the remainder when 103318 is divided by 121?
105
Calculate the remainder when 987 is divided by 314.
45
What is the remainder when 112326 is divided by 56153?
20
Calculate the remainder when 8088 is divided by 111.
96
Calculate the remainder when 357046 is divided by 12.
10
Calculate the remainder when 99227 is divided by 341.
337
Calculate the remainder when 1494 is divided by 395.
309
What is the remainder when 237 is divided by 58?
5
Calculate the remainder when 10005 is divided by 1250.
5
Calculate the remainder when 1590 is divided by 190.
70
Calculate the remainder when 332111 is divided by 58.
3
What is the remainder when 766745 is divided by 1568?
1561
Calculate the remainder when 92191 is divided by 22.
11
What is the remainder when 57129 is divided by 56932?
197
Calculate the remainder when 671647 is divided by 2139.
1
What is the remainder when 2143 is divided by 105?
43
What is the remainder when 108912 is divided by 21776?
32
What is the remainder when 1079 is divided by 90?
89
Calculate the remainder when 6502 is divided by 6.
4
Calculate the remainder when 1627 is divided by 22.
21
Calculate the remainder when 5277229 is divided by 16.
13
What is the remainder when 3716 is divided by 736?
36
Calculate the remainder when 193396 is divided by 144.
4
What is the remainder when 80919 is divided by 255?
84
Calculate the remainder when 23709 is divided by 1198.
947
What is the remainder when 29741 is divided by 234?
23
Calculate the remainder when 295232 is divided by 37.
9
What is the remainder when 412 is divided by 186?
40
Calculate the remainder when 6395 is divided by 48.
11
What is the remainder when 250178 is divided by 2579?
15
What is the remainder when 12357 is divided by 167?
166
What is the remainder when 5959 is divided by 166?
149
What is the remainder when 1934 is divided by 469?
58
Calculate the remainder when 193968 is divided by 2309.
12
Calculate the remainder when 3929651 is divided by 102.
101
Calculate the remainder when 42258 is divided by 389.
246
Calculate the remainder when 1024 is divided by 705.
319
What is the remainder when 134088 is divided by 134084?
4
What is the remainder when 214983 is divided by 46?
25
What is the remainder when 554201 is divided by 81?
80
What is the remainder when 20461 is divided by 201?
160
What is the remainder when 22769 is divided by 59?
54
Calculate the remainder when 18999 is divided by 422.
9
What is the remainder when 3012 is divided by 51?
3
Calculate the remainder when 5357 is divided by 696.
485
What is the remainder when 12756 is divided by 335?
26
Calculate the remainder when 12341 is divided by 3072.
53
Calculate the remainder when 67752 is divided by 26.
22
What is the remainder when 22590 is divided by 7529?
3
Calculate the remainder when 250388 is divided by 20.
8
What is the remainder when 415672 is divided by 126?
124
Calculate the remainder when 67056 is divided by 22319.
99
Calculate the remainder when 22271 is divided by 48.
47
What is the remainder when 4212 is divided by 34?
30
What is the remainder when 23759 is divided by 1693?
57
Calculate the remainder when 84799 is divided by 87.
61
Calculate the remainder when 2325 is divided by 943.
439
Calculate the remainder when 3120 is divided by 264.
216
What is the remainder when 40410 is divided by 10100?
10
What is the remainder when 28371 is divided by 1424?
1315
Calculate the remainder when 12502 is divided by 6228.
46
Calculate the remainder when 11284 is divided by 107.
49
Calculate the remainder when 1211 is divided by 801.
410
Calculate the remainder when 433 is divided by 161.
111
What is the remainder when 1621 is divided by 56?
53
Calculate the remainder when 200449 is divided by 19.
18
What is the remainder when 44509 is divided by 55?
14
Calculate the remainder when 59466 is divided by 313.
309
Calculate the remainder when 1822 is divided by 440.
62
What is the remainder when 5060124 is divided by 35?
34
Calculate the remainder when 21621 is divided by 68.
65
Calculate the remainder when 76723 is divided by 21.
10
What is the remainder when 13413 is divided by 38?
37
Calculate the remainder when 1869 is divided by 148.
93
Calculate the remainder when 13729 is divided by 693.
562
What is the remainder when 3215 is 